 10. Suppose l = -7*d + 12*d - 40. Is 21 a factor of (-250)/(-12) - d/(-48)?
True
Suppose -j = -5*z - 41, 5*j + z - 182 = 3*z. Let g = j + -80. Let l = -37 - g. Is 3 a factor of l?
False
Suppose 289 - 1 = -2*h. Let t = 224 + h. Suppose z = -2*k + t, -6*k = 2*z - 3*k - 162. Is z a multiple of 23?
False
Suppose 3*n - 126 = -3*r + 8*r, 4*n = 4*r + 104. Suppose 2*l = -j + 68 - 272, -3*l - 6*j = 297. Let q = r - l. Is 45 a factor of q?
False
Suppose 6*x = 2*a - 20*x - 9158, -2*a + x + 9208 = 0. Does 117 divide a?
False
Let b(f) = -f**3 - 4*f**2 + 17*f + 57. Let z be b(-6). Let x = 147 - z. Is x a multiple of 12?
True
Let z(l) = l**2 + 8*l - 24. Let c be z(-11). Let q = c + -7. Suppose t - 5*p + q = -p, -3*t = -p - 27. Is t a multiple of 5?
True
Suppose 3*g - 84 + 75 = 0. Suppose h + 1193 = 5*r - g*h, -3*h = 5*r - 1179. Does 4 divide r?
False
Is (-161302)/(-8) - (-913)/(-332) a multiple of 18?
True
Suppose -309 = 13*o + 55. Is ((-770)/o)/(2/20) a multiple of 18?
False
Let b be ((-6)/1)/(3/(-25)). Does 81 divide b/(-15) + (-42878)/(-33)?
True
Suppose 0 = 2*z + 5*u - 6 + 29, 0 = 3*z - u + 9. Let a(v) = -22*v - 61. Is a(z) a multiple of 9?
True
Suppose 2*x = -2, 2*o - 2*x + 135 = -x. Let w = 72 + o. Suppose 111 = r + w. Is r a multiple of 20?
False
Let a(w) be the first derivative of w**4/4 + 8*w**3/3 - 5*w**2 - 5*w + 17. Let m be a(-9). Suppose m*h = 3*p + 186, 9*h - 7*h - 4*p = 88. Is h a multiple of 24?
True
Let b = -1403 + 2346. Does 53 divide b?
False
Let j = -15538 - -17280. Is j a multiple of 26?
True
Suppose 6*y + 24*y = 120. Suppose 3*p - 710 = y*f, p - 5*p + f = -925. Does 10 divide p?
True
Suppose -102*p = -81*p - 8904. Does 2 divide p?
True
Let r be 3 - ((-25)/(-5) - 4). Suppose r*k - 1782 = -4*m, -3*m - 4*k + 1335 = -3*k. Is ((-16)/48)/((-2)/m) a multiple of 28?
False
Suppose 4*w = -2*a - 8, 4*w + 4*a = 2*w + 2. Suppose 8*q - 17 = 7. Is q + -2 + (w - -108) a multiple of 5?
False
Suppose -2*a + 337 = 269. Suppose -9*v + 4*v + 25 = 0. Let l = v + a. Is l a multiple of 5?
False
Suppose -p + y = -4*y - 265, 0 = 5*p - 4*y - 1220. Suppose 4*l + 208 = j, 4*l + 1120 = 4*j + p. Is j a multiple of 14?
True
Suppose 60 = 4*i + 28. Suppose 5*m + i + 11 = t, 17 = 5*t + m. Let a(l) = 86*l - 14. Is 12 a factor of a(t)?
False
Suppose -55*i + 53*i = -121396. Is 22 a factor of i?
True
Let k = -5453 - -33663. Does 35 divide k?
True
Let g = 0 - 3. Suppose -20*v + t = -22*v + 20, 3*v - 4*t = 63. Does 2 divide (-270)/(-8) + v/4 + g?
True
Suppose 372 - 352 = 5*g. Suppose 3*m + 3*y = 8*m - 413, -g*m = 5*y - 360. Is m a multiple of 11?
False
Let x(m) = -m**2 + 11*m + 1. Suppose 0 = 18*i - 20*i - 22. Let u be x(i). Is 40 a factor of 1/(u/(-120) + -2)?
True
Let c = -2166 - -1314. Let v = c - -1428. Suppose -v = 3*p - 9*p. Is 17 a factor of p?
False
Let u(t) = -6*t**2 + 9 - 4*t + 4*t + 17*t**2 + t**3. Let s be u(-10). Let b = s - 61. Is b a multiple of 8?
True
Let v(g) = 105*g**2 - 9*g - 54. Does 11 divide v(-4)?
False
Suppose -4*k + 477 = p - 616, 5*p - 551 = -2*k. Let l = -148 + k. Is l a multiple of 25?
True
Is 106 a factor of (-22)/(-44)*212*120/2?
True
Let h = 66 + -62. Let t(d) = -d - d**2 + 12 + 6*d + h*d + 3. Is t(7) a multiple of 3?
False
Suppose 7*y = 4*y + 4*x + 1531, -5*y = -3*x - 2570. Suppose 5*v = s + 2*s - y, -3*v = 4*s - 728. Is 9 a factor of s?
False
Let i(j) be the second derivative of j**3 - 11*j**2 - j. Let g be i(4). Suppose -5*v + 3*v = 2*r - 98, 112 = g*v - 5*r. Is v a multiple of 17?
True
Suppose -2*s + 6951 = 5*f - s, -f - s = -1387. Suppose -f = -28*y + 2221. Does 14 divide y?
False
Let j(v) be the third derivative of 5*v**4/24 + 98*v**3/3 - 339*v**2. Is j(-32) even?
True
Let r = -46669 + 88249. Does 44 divide r?
True
Suppose -4*f - 1708 = -11*f. Suppose f = 4*a - r, 0 = 6*a - a + 3*r - 288. Is 10 a factor of a?
True
Let v(i) = -10*i**2 - 150*i - 21. Is 3 a factor of v(-13)?
False
Let w(l) = -403*l**3 + l + 2*l - 10 + l**2 + 0 + 419*l**3. Does 22 divide w(3)?
True
Let s(h) be the second derivative of 35*h**3/3 - 20*h**2 + 95*h. Is s(8) a multiple of 26?
True
Is (-57681)/(-1287) - 4/(-22) a multiple of 3?
True
Suppose 192*v - 46*v - 20148 = 0. Is 6 a factor of v?
True
Let c(n) = -8*n + 7*n - 5 + 12*n**2 + 9*n**2 + n**2. Is 22 a factor of c(2)?
False
Let i(p) = 6*p + 56. Let a be i(-9). Is (a - 0)*(163 + 8/(-4)) a multiple of 5?
False
Let t = 67226 + -36692. Does 42 divide t?
True
Suppose -2*q - 7*n = -2*n - 1182, -1154 = -2*q + 2*n. Let u = q - 361. Does 10 divide u?
True
Let d = 4223 - 2403. Is 44 a factor of d?
False
Let f be 360/105 - (-3)/(-7). Suppose 4 = r, 2*r = f*t - r - 3768. Suppose 0 = 29*w - 22*w - t. Does 16 divide w?
False
Let b = 11342 + -205. Is b a multiple of 127?
False
Let i = -194 + 126. Let l = 64 + i. Does 16 divide 141 - (-2 - l/(-2))?
False
Suppose -2*p - 18008 = -2*v, 4*v - 36052 = -37*p + 32*p. Does 4 divide v?
True
Let m = -12711 - -26943. Is 24 a factor of m?
True
Let n be (-2)/(-6) + (-50)/15. Let i = -3 + n. Does 16 divide (3 - (-2 - i))/(1/(-30))?
False
Suppose -115152 = -4*p - 30644. Is 30 a factor of p?
False
Let t be (-2)/32*6 + 21945/24. Let n = t + -534. Is n a multiple of 38?
True
Let v = 6730 + -3925. Is 33 a factor of v?
True
Suppose -2*o + 12*w - 11*w = -5713, -5*w + 5707 = 2*o. Is 14 a factor of o?
True
Let i(b) = -b**2 + 2*b + 5. Let k(f) = f**2 + 10*f - 11. Let v be k(-11). Let s be i(v). Suppose p - 95 = -s*x, -3*p + 4*p - 35 = -2*x. Is x a multiple of 20?
True
Suppose 0 = -n + 2*n - 3. Suppose -3*x + 3 + 6 = 4*p, -7 = n*p + 5*x. Is 2348/12 + (-4)/p + 0 a multiple of 41?
False
Suppose 0 = -5*x + 18 + 7. Suppose -3*a - 1889 = -x*i - 0*a, -5*a = -2*i + 767. Is 12/42 - i/(-7) a multiple of 11?
False
Let s(n) = n + 24. Let p be s(-18). Suppose -2*c + 338 = 3*y, y = 2*c - p*c + 106. Does 6 divide y?
True
Is 4 a factor of (4 - 11) + 10 + 13629 + -11?
False
Let w be (2 + -9)*(-72)/(-84). Let s(x) = -29*x - 45. Is s(w) a multiple of 18?
False
Let v = 2172 + -2033. Let d = -324 + 207. Let x = v + d. Is 19 a factor of x?
False
Is 6/8 + (-59370)/25*(-40)/64 a multiple of 55?
True
Let o be (-66)/(-1) + (-3 - 1 - -4). Suppose -3*a + o = -45. Suppose 0 = -3*m + 2*w + 27, 3*w - 10 + a = 3*m. Does 9 divide m?
True
Suppose 12*k + 25 = 7*k. Let f be (21/6 + k)*-32. Let s = f - 1. Does 10 divide s?
False
Suppose 13 - 7 = 2*a. Suppose -4*n = 4, 6*r = a*r + 2*n + 578. Is 48 a factor of r?
True
Suppose 0 = o + x + 56, -2*o + 7*o + 330 = 5*x. Let y = o - -393. Does 83 divide y?
True
Suppose -j - 10 = -33. Does 16 divide 32/2*322/j?
True
Suppose -3*r + 55 - 318 = 4*w, w + 64 = r. Let p = -106 - -216. Let x = p + w. Does 23 divide x?
False
Is 2 a factor of -8*(-91)/156*18/4?
False
Let z(y) = -81*y - 7. Let b be z(-8). Let p = -291 + b. Is 50 a factor of p?
True
Suppose -38*n = -8*n - 364500. Is n a multiple of 74?
False
Suppose 0 = 3*m - 12 - 6. Let t be (3/(-2))/(m/56). Let l = t - -82. Is 11 a factor of l?
False
Let f = 12910 - 9916. Is 102 a factor of f?
False
Let h(i) be the third derivative of i**5/20 - i**4/12 + 5*i**3/3 + 24*i**2. Let n be h(5). Let r = n + -39. Is r a multiple of 18?
True
Let b(v) = v**3 - 40*v**2 + 116*v + 36. Is b(37) a multiple of 10?
False
Suppose -2*c - 2*n + 814 = 0, -3*n - 2650 + 647 = -5*c. Does 13 divide c?
True
Let l(t) = -760*t - 99. Is l(-10) a multiple of 8?
False
Does 76 divide (-5 + -1)*(-89)/((-4628)/(-127920))?
False
Suppose 4*q = -4*h + 4, 3*h = q - 4 - 1. Let f be 1/(-2)*-2*2. Suppose -4*x + q*y = -7*x + 46, -f*x + 33 = -y. Is x a multiple of 2?
True
Let p = -5027 + 19511. Does 17 divide p?
True
Let d(m) = 2*m**3 - 12*m**2 + 6*m - 3. Let p be d(6). Let h(c) = -c**2 + 55*c - 28. Is 36 a factor of h(p)?
False
Suppose -s - 5*g + 5 = -12, 2*s = 3*g - 5. Suppose -s*o - 5*q + 671 = 0, -5*o + 1724 = -2*q - q. Is 6 a factor of o?
False
Suppose 2*v = -11*j + 8*j - 4, 0 = -3*j - 5*v - 19. Suppose 3*d + 16 = h, -d + 18 + 20 = 4*h. Is 4 a factor of -1 + 5 + j + h?
True
Let s(b) = -4*b**2 - b**3 - 8*b**2 - 65*b + 79*b + 12. Let l be s(-13). Does 19 divide 3/(-9)*-267 - (l + 1)?
False
Let m = -539 + 1425. Let z = m - 590. Is 36 a factor of z?
False
Suppose 4*g + 7 = u, -6*u = -2*u + 2*g - 10. Suppose -m = -u*m + 282. Let j = m + -60. Is j a multiple of 17?
False
Let r = 46 - 42. Suppose 15